*z**3 + 2*z**2 + 3*z + 2. What are the prime factors of o(-3)?
2, 23
Let n = -4 + 78. What are the prime factors of n?
2, 37
Let k be (-46)/(-4)*(1 + 1). Suppose -38 = -2*j - 2*q, -4*q + k + 32 = 3*j. What are the prime factors of j?
3, 7
Suppose 4*h + 26 - 198 = 0. List the prime factors of h.
43
Suppose -l - 31 = 4*q, 3*l + 2*l = 4*q + 61. Suppose 3*j + 0*i - 19 = -5*i, -11 = -3*j - i. List the prime factors of 12/q*j/(-2).
2
Let d(t) = -8*t - 1. Let q = 3 - 8. Let o be d(q). Suppose -2*x + o = x. List the prime factors of x.
13
Let x(g) = g**3 - 6*g**2 + g - 4. Let q be x(6). Let y be (0 - 4/(-2))/q. What are the prime factors of ((7/y)/1)/1?
7
Let n = 3 - 11. Let v = n + 10. Suppose -2 = -2*h, 4*i - 29 = v*h + 17. List the prime factors of i.
2, 3
Suppose 2*u - 322 = -b + 3*b, -5*u + 2*b + 790 = 0. List the prime factors of u.
2, 3, 13
Let n(v) = -v**2 + 4*v - 2. Suppose 2*r - 2 - 2 = 0. Let j be n(r). What are the prime factors of ((-30)/(-8))/(j/8)?
3, 5
Let g be (-7)/4*-6*2. List the prime factors of (-50)/(-8) - g/(-28).
7
Let x(r) = r**3 + 3*r**2 - r - 1. Let f be x(-3). Suppose -18 = f*o - 5*o. Suppose -2*d + 4*n = -38, o = n + 2*n. What are the prime factors of d?
23
Let y(w) be the first derivative of 5*w**3 + w**2 + w + 1. What are the prime factors of y(-1)?
2, 7
Let g = -18 + 53. List the prime factors of g.
5, 7
Suppose 7 = y + 5. Suppose y*q = -q + 66. What are the prime factors of q?
2, 11
What are the prime factors of (153/(-85))/(2/(-150))?
3, 5
Let f = -20 - -43. Suppose 0 = 5*q - 15, q - 4*q - f = -2*w. List the prime factors of w.
2
Let l(z) = -z**3 + z**2 - z + 11. Let w be l(0). Let s = 12 - 10. Suppose -s*c + w = -c. List the prime factors of c.
11
Let s(i) be the third derivative of i**6/120 + i**5/10 - i**4/3 - i**3/2 - i**2. List the prime factors of s(-7).
2
Suppose 2*l - 74 = 5*t - 10*t, -4*t + 4*l = -76. What are the prime factors of (-4)/((t/14)/(-4))?
2, 7
Let n be (-2)/(-4)*(0 + 2). Let f = 4 + n. What are the prime factors of f?
5
Suppose -o + 684 = 442. What are the prime factors of o?
2, 11
Let m = -80 + 215. List the prime factors of m.
3, 5
Suppose 25*p + 648 = 27*p. What are the prime factors of p?
2, 3
Let n be (11 - 2)/(1/7). Let a = n + -31. Suppose a = 2*l + 14. What are the prime factors of l?
3
Let i = -21 - -39. Let r = 42 - i. List the prime factors of r.
2, 3
Suppose 15 = 5*x, -4*b + 76 = x + 9. What are the prime factors of b + (2/2)/(-1)?
3, 5
Let n(v) = -2*v**2 + 16*v - 14. Let x be n(6). Let l(w) be the third derivative of w**6/120 - w**5/6 + 5*w**3/3 - w**2. What are the prime factors of l(x)?
2, 5
Let f(k) = -k**2 - 4*k + 15. Let m be f(-6). Let y(i) = 2*i - 4. Let x be y(-3). What are the prime factors of m*x/(-6) - 1?
2
Let a(u) = 8*u**3 - 2*u**2 + 7*u - 1. What are the prime factors of a(3)?
2, 109
Let m(t) = t**3 - 5*t**2 + 5*t - 2. Suppose 0*s - 8 = -2*s. What are the prime factors of m(s)?
2
List the prime factors of (33 - -2) + -2 + -2.
31
Let x be 4/(-18) + 76/18. Suppose -18 = 4*b + 2*y, -3*b - y - x = 8. What are the prime factors of (-23)/(-2) - b/6?
2, 3
Let m(d) = -15*d + 38. List the prime factors of m(-12).
2, 109
Suppose -k = -5*z + 46, -5*k + k + z - 89 = 0. Let b be (-1)/(1/14) + -1. Let w = b - k. List the prime factors of w.
2, 3
Suppose -40 - 215 = -5*a. What are the prime factors of a?
3, 17
Let v(q) = q**3 + 11*q**2 + 7*q - 9. What are the prime factors of v(-10)?
3, 7
Let t(m) = m**2 - 9*m - 28. What are the prime factors of t(12)?
2
Suppose 0 = l + 3*l - 20. Suppose 9 + l = 2*m. What are the prime factors of m?
7
Let r = -8 + 9. Let t be r + (-3 - -1 - -5). Let b = t - 2. What are the prime factors of b?
2
Let q(z) = -z**3 - 10*z**2 - 4*z - 14. List the prime factors of q(-10).
2, 13
Let l = -2 - -1. Let y be l/((-69)/(-36) + -2). What are the prime factors of y + -4 + 1 + 1?
2, 5
Let m(f) be the first derivative of f**4/2 - f**3 + f**2/2 + 2*f + 2. What are the prime factors of m(2)?
2
Suppose -5*x + 1035 - 128 = -3*k, 5*k - 551 = -3*x. Suppose 72 = 2*o + 2*y, -o + 6*o + 3*y = x. What are the prime factors of o?
37
Let a be 3 - ((-90)/2 - -3). What are the prime factors of (6/(-4))/(a/(-1200))?
2, 5
Let z(g) = 4*g**2 - g - 3. What are the prime factors of z(-5)?
2, 3, 17
Suppose 5*l + 4*f = -6, l + 2*f + 2 = -2*l. List the prime factors of l.
2
Suppose -88 = -3*h + 3*m + 2*m, 0 = 5*h + m - 128. What are the prime factors of h?
2, 13
List the prime factors of (4/14 + (-1090)/(-56))*8.
2, 79
Suppose -5*r - 3*y + 97 = 0, -y = r - 6*y + 3. List the prime factors of r.
17
Let v = 5 + -5. Let f = v + 11. What are the prime factors of f?
11
Let l = 2 + 10. Let n(y) = -y**3 - 5*y**2 - 4*y - 1. Let i be n(-3). Let z = i + l. What are the prime factors of z?
5
Let k(t) = -12*t**3 - t + 1. Let h be k(1). Let f = 17 + h. List the prime factors of f.
5
Suppose -12 = -0*w - 2*w. Suppose -x = -w*x + 170. List the prime factors of x.
2, 17
List the prime factors of 4/20 - 3528/(-35).
101
Let y(x) = -x**2 - 2*x - 1. Let b be y(-1). Suppose 3*p - 4*p + 2 = b. What are the prime factors of 195/9 - p/3?
3, 7
Let a be (-1 - 1 - -1)*3. Let t be ((-2)/(-4))/(a/(-30)). Suppose 3*p - n - 47 = -17, -t*n = -p + 10. What are the prime factors of p?
2, 5
Let g = 6 + -8. Let h be ((-12)/(-9) + g)*-3. Suppose h*s = -s + 33. What are the prime factors of s?
11
Suppose -v - 8 = -4*f, f + 4*f + 5*v - 10 = 0. What are the prime factors of -19*(-3 - -4 - f)?
19
Suppose 0 = 2*c - c. Suppose 18 = -c*b + 2*b. List the prime factors of (-2)/(-1) + b + -2.
3
Suppose -424 - 212 = -3*r. What are the prime factors of r?
2, 53
Suppose -4*b - 3*h + 493 = 0, -h - 384 = -4*b + 113. What are the prime factors of b?
2, 31
Let k(c) = c - 6. What are the prime factors of k(10)?
2
Let s = 8 - -20. What are the prime factors of s?
2, 7
Let b be (-3)/(-2) - (-3)/(-6). Let y = b - -9. List the prime factors of y.
2, 5
Let u(x) = -x**3 - 2*x**2 + 5*x + 5. Let c(b) = 5*b - 3*b - 13 - 3*b. Let d be c(-9). What are the prime factors of u(d)?
17
List the prime factors of (-2)/2 - (-57)/3.
2, 3
Suppose 0 = 3*f - 10 + 4. Suppose -a = -x + 5, f*x - 20 = -3*a + 5. What are the prime factors of x?
2
Suppose 0 = 2*l + 6. Let u = l + 6. Suppose -u*q + 24 = -3*r, -3*q + 3 = 5*r - 21. List the prime factors of q.
2
Let c = 2 + 0. What are the prime factors of 9 - (-2 + c - 1)?
2, 5
Let x = 76 + 44. Suppose 6*y = 2*y + x. List the prime factors of y.
2, 3, 5
Let s = -19 + 67. Suppose f = -q + 5 + 17, -4*q = -4*f + s. What are the prime factors of f?
17
Let g(y) = 6*y**3 + 2*y**2 - 1. Let l be g(1). What are the prime factors of 82/l + 2/7?
2, 3
Let r = 0 + -2. Let u be 0 + 1 + 2/r. Suppose 13 = -3*m - 5*y, 4*y = -5*m - u*y. What are the prime factors of m?
2
List the prime factors of 5/(-15) - (784/6)/(-2).
5, 13
Suppose 3*h - g - 229 = 0, 0 = -3*h - 2*h - 5*g + 415. List the prime factors of h.
2, 3, 13
Suppose 5*w = 4*c - 112, -3*w = -3*c + 4*c - 28. What are the prime factors of c?
2, 7
Suppose 2*t = -0*t + 40. What are the prime factors of t?
2, 5
Let c = 24 - 20. List the prime factors of (-1220)/(-50) - c/10.
2, 3
Let r(p) = p**2 - 3*p - 10. Suppose -47 = 2*j - 5. Let t be ((-1)/3)/(1/j). List the prime factors of r(t).
2, 3
Let w(h) = 5*h - 45. What are the prime factors of w(26)?
5, 17
Let c = 309 + -169. List the prime factors of c.
2, 5, 7
Let w = 23 - 13. Suppose 45 = 3*i - 5*o, -23 = -i + o - w. List the prime factors of i.
2, 5
List the prime factors of (-53)/(-2 - (-9)/6).
2, 53
Let m(x) = -3*x - 1. Let i be m(-7). Suppose 4*l = r + r + i, 0 = 5*r + 2*l - 10. Suppose 2*z + 16 = y, -3*y - z - 1 + 21 = r. What are the prime factors of y?
2
Let r = -2 + 58. What are the prime factors of r?
2, 7
Let d(m) = -m**2 - 4. Let k be d(0). List the prime factors of (k/6)/(1/(-18)).
2, 3
Let f(j) = 2*j**3 - j**2 + 1. Let m be f(1). Suppose -m*u - 2*u + 88 = 0. List the prime factors of u.
2, 11
Let k(r) be the third derivative of r**4/12 + r**3/3 - r**2. Suppose -3*h + 12 = -0. What are the prime factors of k(h)?
2, 5
Let x = -8 - -6. What are the prime factors of (-120)/(-54) - x/(-9)?
2
Let h(t) = -t**2 - 9*t - 12. Let y be h(-8). What are the prime factors of 15*(y/3)/(-2)?
2, 5
Let q = 19 - 39. Let m = 1 - q. List the prim